212 - 12101?
21122012111
In base 11, what is -87 - -300a3a?
300963
In base 3, what is -10021122201121021 + -2?
-10021122201121100
In base 12, what is 3 - -114514b4?
114514b7
In base 3, what is 12 - 10011112011102200?
-10011112011102111
In base 4, what is -3121322323332 + 3?
-3121322323323
In base 9, what is 11 - -53217413?
53217424
In base 13, what is -1 + 2792386?
2792385
In base 11, what is a338 + 487?
a814
In base 4, what is 221320232233 + -11?
221320232222
In base 6, what is 222 - -13552054?
13552320
In base 6, what is -3153425001 - -1?
-3153425000
In base 9, what is -20 - -18821658?
18821638
In base 15, what is -1 - -8e38d?
8e38c
In base 14, what is 3db91 + 55?
3dc06
In base 13, what is 52cc05a10 - 3?
52cc05a0a
In base 16, what is -10da6161 + -4?
-10da6165
In base 12, what is 19830 + -60?
19790
In base 6, what is 423 - -534211?
535034
In base 10, what is 5670257 + -4?
5670253
In base 3, what is 10 - -10001212011112?
10001212011122
In base 16, what is -1 + 252178?
252177
In base 6, what is 142055 + 33241?
215340
In base 5, what is 3 + -102112430002?
-102112424444
In base 15, what is -ad5482d1 + 2?
-ad5482ce
In base 9, what is -103 + -136101?
-136204
In base 9, what is 63 - -108321?
108384
In base 11, what is 74745 + 6723?
80368
In base 10, what is -44681 + -181?
-44862
In base 2, what is 1111001010000001110001100111 + -100?
1111001010000001110001100011
In base 13, what is -4 + 530353?
53034c
In base 13, what is -17830 + 38ab?
-13c52
In base 10, what is -23682449 + 0?
-23682449
In base 2, what is 10011 - 1001110011000001011?
-1001110010111111000
In base 12, what is 323467 + -1a?
323449
In base 6, what is -400355424 + 212?
-400355212
In base 7, what is 320463 + 316?
321112
In base 15, what is 3 + 2b54988?
2b5498b
In base 3, what is -21022112111012002 + 2?
-21022112111012000
In base 9, what is 327813 + 15?
327828
In base 8, what is -34061640 - -5?
-34061633
In base 16, what is 368 - 30b4?
-2d4c
In base 16, what is 9ed9d8a - 3?
9ed9d87
In base 4, what is 3112 - -111321222?
111331000
In base 16, what is 6dd + -4f9e2?
-4f305
In base 6, what is -1053453 - 1241?
-1055134
In base 13, what is 2 - -b0c085?
b0c087
In base 2, what is -1101010011011111101000 + -1010?
-1101010011011111110010
In base 8, what is -47742277 + 0?
-47742277
In base 3, what is 1211222 - -201120?
2120112
In base 12, what is 930708 - -168?
930874
In base 7, what is 141 - -1632022?
1632163
In base 4, what is 323 - -1133023022?
1133030011
In base 9, what is -10403512 - -165?
-10403336
In base 13, what is 1 - 21a3553?
-21a3552
In base 14, what is -c4 + 20b364?
20b280
In base 12, what is -7 - -726688?
726681
In base 9, what is -1400240 - -1408?
-1387731
In base 4, what is -13 + -23211113202?
-23211113221
In base 11, what is 215 - 414432?
-414218
In base 6, what is -52435404 + 1041?
-52434323
In base 15, what is -1 + d8ee7?
d8ee6
In base 15, what is b389a34 + 5?
b389a39
In base 15, what is b - -7ded50?
7ded5b
In base 15, what is -2 + 3b794?
3b792
In base 6, what is 231020 - 34155?
152421
In base 8, what is 2 + 16515207?
16515211
In base 6, what is 35 + 3211324?
3211403
In base 13, what is 108 - 1c6a1?
-1c596
In base 13, what is -327 + 281?
-76
In base 11, what is 712a5773 - -3?
712a5776
In base 12, what is 13062a3 - a?
1306295
In base 8, what is -2 - 5725230?
-5725232
In base 4, what is 12112112 + -3220?
12102232
In base 16, what is -1c18e - b?
-1c199
In base 12, what is 969 - 7636a?
-75601
In base 8, what is -2174172361 - -2?
-2174172357
In base 7, what is -263514563 - 6?
-263514602
In base 10, what is 34432 + 98?
34530
In base 12, what is -50b + 8138?
7829
In base 8, what is -205047 + 7250?
-175577
In base 6, what is -2105322 + -14110?
-2123432
In base 16, what is -3 + -392bb60?
-392bb63
In base 8, what is 76 + 24702534?
24702632
In base 6, what is -3453051 - 12?
-3453103
In base 11, what is -1 + -4485a573?
-4485a574
In base 4, what is -3030333112 - 11211?
-3031010323
In base 10, what is -1794106 + 208?
-1793898
In base 11, what is -119 + -153a342?
-153a460
In base 13, what is -4b85b678 - -1?
-4b85b677
In base 13, what is 505 - 6980b?
-69306
In base 2, what is -10000000101011101111110010 + -110?
-10000000101011101111111000
In base 15, what is -67074 - 15?
-67089
In base 15, what is -2296e5 - -11?
-2296d4
In base 2, what is 1011011000101010101001 - -11?
1011011000101010101100
In base 3, what is 2 - 102222212002011?
-102222212002002
In base 15, what is 5a3e24 + 2?
5a3e26
In base 15, what is -3e + -be23?
-be62
In base 11, what is 38 + 9604596?
9604623
In base 5, what is -10 + 11142312423?
11142312413
In base 12, what is 5 + -160bb6?
-160bb1
In base 2, what is 11010011 - 11000011100111101?
-11000011001101010
In base 12, what is 240 + -9896?
-9656
In base 15, what is -4539330 - -2?
-453932d
In base 12, what is 148a6 + -b143?
5763
In base 7, what is 4065524 - 2?
4065522
In base 14, what is 8 + -ca2476?
-ca246c
In base 4, what is 10221300 - 2313330?
1301310
In base 3, what is 2 - -101211200121011?
101211200121020
In base 16, what is -3 - c8fdb?
-c8fde
In base 12, what is -4 - -84b0809?
84b0805
In base 6, what is 3332221025 + -2?
3332221023
In base 4, what is -2303033 - -1103?
-2301330
In base 2, what is -11001011110101001110 + -10001?
-11001011110101011111
In base 3, what is 2012212211021 + 10?
2012212211101
In base 7, what is -2 - -104611144?
104611142
In base 11, what is -308592 - 59?
-308640
In base 11, what is a92 - 16531a?
-164338
In base 14, what is -c4c + -712dc?
-7214a
In base 7, what is -1102 + 126033?
124631
In base 12, what is 25 - b1b16?
-b1ab1
In base 2, what is 1000100110111011000110110 + -101?
1000100110111011000110001
In base 14, what is 843d21 - -1?
843d22
In base 13, what is -504c42 + 2?
-504c40
In base 7, what is 210302034 + -42?
210301662
In base 11, what is 136084 - -27a?
136353
In base 4, what is 3012012221311 - -10?
3012012221321
In base 3, what is 12 - 122022212001020?
-122022212001001
In base 12, what is -8463 + -937?
-919a
In base 7, what is -300400 + 12422?
-254645
In base 2, what is 1000 + 101010000111101011000101?
101010000111101011001101
In base 8, what is -12374 - 755?
-13351
In base 3, what is 2220 - 1022122220000?
-1022122210010
In base 3, what is 1211022211 + 20212?
1211120200
In base 4, what is -3211 + -12223133022?
-12223202233
In base 14, what is -a + 480b0?
480a4
In base 4, what is -11222212303 + 121?
-11222212122
In base 3, what is 10212122102202020 + 12?
10212122102202102
In base 8, what is 76 - -2223013?
2223111
In base 9, what is -13627 + -8861?
-23588
In base 3, what is 102210022022211 - -200?
102210022100111
In base 6, what is -531 + 354115?
353144
In base 6, what is 53001203 - -12?
53001215
In base 15, what is 14c52b - -28?
14c554
In base 3, what is 2 - -20212111210001221?
20212111210002000
In base 13, what is -1c + a4091b?
a408cc
In base 12, what is b318086 + 3?
b318089
In base 5, what is -301 - 3431420220?
-3431421021
In base 15, what is 70ea7 - -418?
713c0
In base 9, what is -1543443054 + 1?
-1543443053
In base 2, what is 100 + 1010111011100101000000110?
1010111011100101000001010
In base 4, what is 10222022002 - 232?
10222021110
In base 14, what is 1b297 - ca?
1b1ab
In base 7, what is -1431 + 612140?
610406
In base 6, what is -10113453 + -3301?
-10121154
In base 3, what is 12021110002022 + -101?
12021110001221
In base 11, what is 1 + -914657a3?
-914657a2
In base 10, what is -1159997100 - 1?
-1159997101
In base 4, what is 21132220110 - -12?
21132220122
In base 3, what is -1121 + 2012121012000122?
2012121011222001
In base 7, what is 5233003 - -65?
5233101
In base 7, what is 311625113 + 2?
311625115
In base 13, what is -996482 - -7?
-996478
In base 6, what is 230000010212 + 5?
230000010221
In base 13, what is -61b899 + -21?
-61b8ba
In base 14, what is -220a160b + -5?
-220a1612
In base 9, what is 1 - 373020606?
-373020605
In base 7, what is 1450563 - -654?
1451550
In base 4, what is 1120031 - -133122313?
200303010
In base 13, what is -90 + 69208?
69148
In base 7, what is -4 - -605643513?
605643506
In base 9, what is 40620 - 3643?
35866
In base 2, what is -101 - 10010111110000010001101001?
-10010111110000010001101110
In base 5, what is -2234322044 - 10?
-2234322104
In base 4, what is 131220322030203 + -1?
131220322030202
In base 5, what is -4